ase 6
152
What is -1322 (base 10) in base 7?
-3566
20102 (base 5) to base 16
4fd
What is -600 (base 11) in base 12?
-506
Convert 1010110 (base 2) to base 6.
222
Convert 8904 (base 14) to base 2.
101110010101000
What is 223 (base 9) in base 2?
10110111
What is -2107 (base 8) in base 2?
-10001000111
Convert -366 (base 12) to base 13.
-303
Convert 2145 (base 7) to base 10.
768
What is 107 (base 12) in base 9?
177
What is -113 (base 15) in base 3?
-100000
What is -25220 (base 6) in base 9?
-5133
What is -4113 (base 7) in base 2?
-10110010111
-873 (base 9) to base 16
-2ca
b46a (base 15) to base 16
94ed
Convert -125053 (base 8) to base 14.
-11c39
-103153 (base 6) to base 3
-102122120
What is -944 (base 13) in base 5?
-22302
What is 150 (base 8) in base 16?
68
1306 (base 10) to base 6
10014
Convert 13 (base 11) to base 2.
1110
Convert -1551 (base 7) to base 5.
-4444
1201200221 (base 3) to base 5
2042140
Convert 11202201 (base 3) to base 15.
106a
Convert -4be (base 15) to base 12.
-75b
Convert 11399 (base 10) to base 7.
45143
What is -9834 (base 13) in base 3?
-1002001000
Convert -2342 (base 5) to base 4.
-11123
What is 1ef6 (base 16) in base 10?
7926
Convert 10001111010 (base 2) to base 14.
5bc
Convert -2044 (base 5) to base 4.
-10102
What is 4782 (base 10) in base 12?
2926
Convert 22 (base 4) to base 16.
a
Convert 1111012 (base 3) to base 14.
577
Convert -1202201 (base 3) to base 2.
-10100001000
Convert 32311 (base 4) to base 15.
434
What is -174b (base 13) in base 9?
-4645
Convert -6fbb (base 16) to base 6.
-340231
What is 111104 (base 5) in base 12?
2314
-36a (base 15) to base 3
-1001201
210101 (base 3) to base 2
1001000001
What is -11885 (base 10) in base 11?
-8a25
166 (base 9) to base 8
215
What is 565 (base 10) in base 6?
2341
Convert 35262 (base 7) to base 5.
242220
Convert 1100001220 (base 3) to base 6.
321423
Convert -daa (base 15) to base 9.
-4207
-b06 (base 16) to base 13
-1391
1145 (base 7) to base 16
1a9
Convert -4689 (base 11) to base 16.
-1803
12020212 (base 3) to base 16
ef6
What is -12131212 (base 4) in base 2?
-110011101100110
804 (base 16) to base 3
2211000
71670 (base 8) to base 12
15188
What is -152436 (base 7) in base 3?
-1111202210
-29a4 (base 13) to base 14
-22c1
250 (base 11) to base 10
297
-1165 (base 15) to base 3
-12001212
What is 1021202001 (base 3) in base 2?
110001011101111
Convert 1153 (base 13) to base 4.
212002
What is 535 (base 13) in base 7?
2410
251115 (base 7) to base 4
23033013
-acc (base 16) to base 11
-2093
What is 13332 (base 6) in base 3?
2211202
4a8 (base 14) to base 6
4152
a5 (base 13) to base 12
b3
Convert -6702 (base 12) to base 4.
-2301302
-31025 (base 6) to base 3
-12122122
5401 (base 8) to base 3
10212100
2688 (base 12) to base 5
120144
What is -206 (base 16) in base 6?
-2222
What is -1412122 (base 5) in base 11?
-1a8a8
34d (base 14) to base 4
22101
Convert -134030 (base 5) to base 16.
-158b
-8805 (base 11) to base 13
-539c
What is 551 (base 8) in base 6?
1401
What is ab (base 12) in base 5?
1011
Convert -231400 (base 5) to base 16.
-209e
Convert 100100001101110 (base 2) to base 16.
486e
15623 (base 8) to base 11
5338
What is 14315 (base 6) in base 12?
139b
What is 5067 (base 16) in base 4?
11001213
-21010 (base 5) to base 2
-10101100100
Convert -21a (base 16) to base 8.
-1032
What is 2212 (base 5) in base 2?
100110011
What is -a0 (base 14) in base 8?
-214
2b28 (base 14) to base 5
221210
What is -14418 (base 12) in base 5?
-1400434
Convert -63d (base 14) to base 13.
-739
What is 2d0 (base 15) in base 13?
3a8
What is -101001 (base 7) in base 3?
-212112020
What is -21a (base 13) in base 6?
-1401
85 (base 12) to base 10
101
13241 (base 5) to base 13
645
-1441 (base 7) to base 8
-1070
-62374 (base 10) to base 16
-f3a6
What is 3223 (base 4) in base 5?
1420
What is -10613 (base 9) in base 4?
-1232103
What is 1210221 (base 3) in base 13?
7a8
Convert -127 (base 11) to base 16.
-96
-14218 (base 10) to base 5
-423333
-3202 (base 6) to base 10
-722
-5331 (base 6) to base 14
-623
7161 (base 12) to base 14
46b7
2b3b (base 14) to base 8
17021
-202223 (base 4) to base 15
-9ce
What is 3222 (base 7) in base 6?
5143
Convert -627b (base 12) to base 10.
-10751
Convert 110122 (base 3) to base 16.
155
Convert 4202 (base 11) to base 6.
41440
Convert 111011000 (base 2) to base 12.
334
What is -5015 (base 9) in base 8?
-7113
What is -10110010001 (base 2) in base 10?
-1425
What is -400 (base 11) in base 7?
-1261
13450 (base 7) to base 8
7115
Convert -1041 (base 6) to base 4.
-3301
What is -299 (base 12) in base 16?
-195
Convert -a1a7 (base 13) to base 9.
-33501
Convert -966 (base 15) to base 5.
-31441
Convert -200111 (base 3) to base 9.
-614
What is -131412 (base 6) in base 11?
-9049
3e9 (base 16) to base 7
2630
20213 (base 4) to base 9
672
522a (base 12) to base 13
4105
Convert -4b2 (base 12) to base 8.
-1306
Convert 2412440 (base 5) to base 4.
22323021
Convert -466 (base 8) to base 5.
-2220
-2222033 (base 5) to base 6
-500350
-1031142 (base 5) to base 6
-213452
-7134 (base 8) to base 3
-12001011
903b (base 12) to base 6
200115
Convert -2032331 (base 4) to base 15.
-2a9e
Convert 2165 (base 10) to base 12.
1305
Convert -414130 (base 6) to base 16.
-8226
What is 20240 (base 6) in base 2?
101010000000
1036 (base 8) to base 13
329
1107 (base 16) to base 13
1ca4
2322121 (base 4) to base 5
340204
Convert -26253 (base 7) to base 6.
-52220
10335 (base 8) to base 16
10dd
What is 16864 (base 13) in base 16?
a8a9
Convert 411 (base 12) to base 2.
1001001101
1154 (base 12) to base 15
891
Convert -6379 (base 15) to base 3.
-1001212020
What is 1010100111000111 (base 2) in base 11?
2a722
What is -1038 (base 11) in base 5?
-20442
What is 5122 (base 6) in base 14?
5aa
What is 110010001000 (base 2) in base 9?
4354
What is -aa70 (base 11) in base 5?
-431342
-120002 (base 5) to base 3
-20000010
What is 14b0 (base 12) in base 16?
984
What is -14355 (base 7) in base 13?
-1a58
-39 (base 11) to base 4
-222
What is -61777 (base 8) in base 14?
-9487
What is 710 (base 8) in base 12?
320
-63b (base 15) to base 13
-842
What is -3332 (base 7) in base 14?
-619
What is -10312000 (base 4) in base 13?
-9052
Convert -1362 (base 13) to base 4.
-223200
Convert 21413 (base 6) to base 4.
232101
What is -38b (base 13) in base 5?
-4442
Convert 217c5 (base 13) to base 3.
10002012210
Convert 60401 (base 7) to base 10.
14603
1231 (base 15) to base 4
330133
-1618 (base 10) to base 5
-22433
Convert 1100021 (base 3) to base 16.
3d3
1221 (base 4) to base 10
105
What is -101211 (base 6) in base 12?
-4807
What is 81 (base 15) in base 13?
94
44a (base 12) to base 14
334
What is -63 (base 11) in base 4?
-1011
What is -134241 (base 5) in base 7?
-22146
Convert -2b8 (base 14) to base 12.
-3a2
Convert a5e8 (base 15) to base 3.
1210010202
What is -1241202 (base 5) in base 12?
-12260
Convert 8d2 (base 16) to base 3.
10002122
What is -2233031 (base 4) in base 12?
-65a5
What is -600b (base 13) in base 11?
-9a04
33411 (base 5) to base 3
10020021
2268 (base 10) to base 16
8dc
What is -12125 (base 8) in base 3?
-21010210
Convert 17113 (base 11) to base 2.
101111000011101
Convert 1885 (base 15) to base 9.
7238
What is 2993 (base 15) in base 10?
8913
What is 3042 (base 5) in base 8?
615
-55750 (base 8) to base 4
-11233220
What is -1011011101100 (base 2) in base 5?
-141433
Convert 205 (base 11) to base 16.
f7
-3cd (base 15) to base 12
-604
-1012110022 (base 3) to base 4
-11301230
Convert 28356 (base 9) to base 12.
b180
-56204 (base 10) to base 8
-155614
-a95c (base 13) to base 6
-301040
210201210 (base 3) to base 12
9203
Convert -515b (base 16) to base 4.
-11011123
-1113300 (base 4) to base 16
-15f0
What is 460 (base 11) in base 5?
4200
Convert -30012 (base 4) to base 12.
-546
-4610 (base 10) to base 15
-1575
320 (base 13) to base 5
4113
What is -14 (base 12) in base 4?
-100
What is 1797 (base 10) in base 8?
3405
Convert -12001210 (base 3) to base 10.
-3693
624 (base 7) to base 2
100111000
What is 1240030 (base 5) in base 11?
17363
Convert -211120102 (base 3) to base 8.
-40106
Convert 1b0 (base 14) to base 8.
536
What is -7697 (base 13) in base 14?
-603b
-5dbd (base 16) to base 4
-11312331
What is -113 (base 15) in base 4?
-3303
-222205 (base 6) to base 10
-18653
2011320 (base 4) to ba